 What is the highest common factor of g and m?
18
Let i(o) = o + 15. Let q be i(7). Let j(u) = -15*u - 327. Let n be j(-35). Calculate the highest common factor of n and q.
22
Suppose -10*v + 8*v - 4*p + 822 = 0, -3*v + 5*p = -1167. What is the greatest common factor of 483 and v?
21
Suppose -47*x + 5353997 + 942691 = 391*x. Calculate the highest common divisor of x and 24.
24
Suppose 179*o - 58*o = 4356. Calculate the greatest common factor of o and 894.
6
Suppose -3*v - 2 = -v, 0 = -3*u - 5*v + 175. Let a be 25/(-7)*17556/(-3135). What is the highest common divisor of a and u?
20
Let o = -915 - -1939. What is the greatest common factor of o and 1088?
64
Let q(m) = -17*m - 5. Let k(x) = -x**2 + 16*x - 49. Let w be k(4). Let h be q(w). Calculate the greatest common factor of h and 6.
6
Let h(z) = 20*z - 229. Let q be h(-9). Let n = -369 - q. Let f = 26 + -18. What is the greatest common divisor of f and n?
8
Let n be (-40)/(-60)*(141/6 + 2). Let z(i) = 3*i**2 - 51*i + 47. Let r be z(n). Calculate the greatest common factor of r and 329.
47
Let i be (-8 - -10)/((-3)/136*(-4)/6). What is the greatest common factor of i and 16184?
136
Let u(s) = s**3 - 7*s**2 + 9*s + 5. Let a be u(5). Suppose a = -l, -2*l + l - 270 = -5*v. What is the greatest common divisor of v and 30?
6
Suppose 24643 + 67682 = 1231*w. Let x be 2/8 + (-399)/(-4). What is the highest common factor of x and w?
25
Let r be ((-48)/84)/(1/(-21)). Let h be (6*3/6)/(3/r). What is the highest common divisor of h and 96?
12
Let t = -7194 - -7245. Calculate the greatest common factor of t and 1666.
17
Let k(m) = m**3 + 4*m**2 - 10*m - 25. Let w be k(-5). Suppose -2*u + 0*p + 696 = -4*p, w = 2*u - 3*p - 698. What is the highest common factor of u and 44?
44
Let t be (-90)/27*9/5 + 19. Suppose k = -5*y + 183, -5*k - 44 - t = -2*y. What is the greatest common divisor of 54 and y?
18
Let b = 8071 + -7420. What is the highest common factor of 8246 and b?
217
Let w(i) = -i**2 + 12*i + 130. Let l be w(12). Suppose 108 = 5*b - 412. What is the highest common factor of l and b?
26
Let f = -19973 + 20405. Calculate the highest common divisor of 1200 and f.
48
Suppose 0 = -19*q + 627. Let c = 8 - 2. Let l(r) = -r**3 + 9*r**2 - 8*r - 5. Let b be l(c). Calculate the highest common factor of b and q.
11
Suppose 0 = -252*y + 258*y - 30. Suppose 0 = 3*c + 2*j - 190 - 535, -4*j - 1000 = -4*c. What is the greatest common factor of y and c?
5
Let z be (-199)/(-5) + 2/(-140)*-14. What is the highest common factor of 410 and z?
10
Let b(y) = -y**3 - 14*y**2 - 12*y + 13. Let g be b(-13). Suppose 7*o = -g*o + 91. Suppose 16*w = o*w + 324. What is the highest common factor of 54 and w?
54
Suppose -148*u + 160061 = 36629. What is the highest common factor of u and 17236?
278
Suppose -2*g + 3*n = -6942, 0*g + 5*n - 6958 = -2*g. What is the greatest common factor of 18 and g?
18
Let t(o) = o**3 - 6*o**2 + 1. Let u be t(6). Let k be (0 - (-3 - -3))/(0 + u). Let c be k/(4 + -3) - -21. What is the highest common factor of c and 147?
21
Let x be (0/11 + (3 - 275))*-1. Calculate the highest common factor of x and 64.
16
Let f be 6/(-9) + 30/45. Let v(l) = -l**2 - 8*l + 165. Let a be v(f). What is the greatest common divisor of a and 5?
5
Let s(g) = 24*g - 682. Let d be s(29). What is the greatest common factor of d and 707?
7
Let d be 18/4*8/6. Suppose -q + d*q = 10. Suppose -2*z - v = -27, 32*v = -2*z + 28*v. Calculate the highest common divisor of q and z.
2
Let m = 327 - 249. Suppose 5*o = o - 5*k + 16, 4*k = 4*o - 16. Suppose -3*l - 45 + 18 = -b, o*b - 152 = l. What is the greatest common divisor of m and b?
39
Let k = 15126 + -14895. What is the greatest common divisor of k and 39?
3
Let c(v) = 62*v + 6116. Let m be c(-2). What is the greatest common factor of 70 and m?
14
Let g be 3*543/(-9) + -1*1. Let k = g - -435. Suppose -74 = -3*r - 5. Calculate the greatest common divisor of k and r.
23
Let j(t) = t**2 + 42*t + 441. Let i be j(-20). Calculate the greatest common factor of 402 and i.
1
Let b(c) = 1 - 173*c - 2 - 1. Let d(m) = m**2 - 67*m + 813. Let z be d(16). Let a be b(z). Calculate the greatest common factor of 47 and a.
47
Suppose -5970 = -42*v + 6270 - 144. What is the highest common divisor of 2496 and v?
96
Let t(p) = p**2 - 6*p + 1. Let f be t(5). Let z be ((-16)/6)/(f/24). Let j be (40/25)/(51/(-1785)*21/(-12)). Calculate the greatest common divisor of z and j.
16
Let z(c) = 3*c + 7. Let g be z(0). Let n(x) = 9*x - 19. Let o be n(g). Suppose -130 = -2*t + 134. What is the greatest common factor of o and t?
44
Suppose 20*c - 4*c = 32. Let n be (-5301)/(-18)*(4 - c). Calculate the highest common factor of 19 and n.
19
Suppose -5*m - 293 + 33 = -u, -5*u + 1279 = -4*m. Suppose 10*k + 423 = 723. What is the highest common divisor of k and u?
15
Let k(n) = 30*n**2 - 7*n + 1. Let r be k(2). Let v = 269 - r. Calculate the highest common divisor of v and 18.
18
Let s(i) = 660*i**3 + 2*i**2 - 11*i + 7. Let q be s(1). What is the highest common divisor of q and 1692?
94
Let i be (-2)/4 + (9 - (-2153)/2 - -7). What is the greatest common divisor of i and 138?
6
Let k = 2 - 2. Let v be (k + -1 - -65) + -1. Suppose -263*y + 234*y = -781*y + 6768. What is the highest common factor of y and v?
9
Let d be 333/(-148)*512/(-6). Let c = -174 + d. Let z = -48 - -75. Calculate the highest common divisor of c and z.
9
Let b(t) = t**3 + 8*t**2 + 9*t - 12. Let j be b(-6). Suppose -j*z - 5*q + 54 = -5*z, q - 198 = -5*z. Calculate the greatest common factor of 65 and z.
13
Let c = 102 - 10. Let y(q) = -2*q + 56. Let f be y(5). Calculate the greatest common factor of f and c.
46
Let v(b) = -3*b**3 + 3*b**2 - 43*b - 110. Let t be v(-5). What is the greatest common divisor of t and 60?
15
Let m(z) be the second derivative of z**4/12 + z**3/2 - 17*z**2/2 - 63*z. Let h be m(-9). Calculate the highest common factor of h and 259.
37
Suppose 0 = -0*u - u - 31. Let z = 24 - u. Suppose -6 - z = -w + f, 0 = 5*w + 3*f - 345. Calculate the greatest common divisor of 6 and w.
6
Let a(y) = 3*y**3 + 39*y**2 + 29*y + 6. Let f be a(-12). Let u = 169 + -115. Calculate the highest common factor of u and f.
18
Suppose 0 = 3*t - 4*t - 5*q + 55, 4*q - 54 = -t. Let h = -689 - -693. What is the highest common factor of h and t?
2
Let m(w) be the first derivative of w**4/4 + 4*w**3 - 15*w**2/2 - 2*w + 46. Let x be m(-13). What is the greatest common factor of x and 60?
12
Let m be (-15 + -22)*(-1 - 16)/(-20 - -21). What is the greatest common divisor of 185 and m?
37
Suppose -3*g = 13*x - 165, -4*g = 2*x - 230 + 10. Calculate the highest common divisor of 55 and g.
55
Suppose -5*c - 61 - 40 = -o, -3*c = -o + 59. Let v be (-48)/c - 2 - 187/(-7). Calculate the greatest common factor of 9 and v.
9
Suppose 0 = 3*s + 5*t + 19, s = -3*t - t - 18. Suppose -s*k + 4*o = 4, k - 5*o + 6*o = 10. What is the greatest common factor of k and 96?
6
Let o(x) = x**3 - 11*x**2 - 11*x + 18. Let f be 4/(-3 - 10/(-3)). Let u be o(f). Suppose r - 4 = 2. What is the greatest common divisor of u and r?
6
Let s be (2031/(-6))/(2/(-4)). Let h = s + -390. Let n be -123*8/144*-6. What is the highest common divisor of n and h?
41
Suppose 0 = 219*p - 236*p + 3604. Suppose 8 = 4*h, 0*h = 4*z - 2*h - 208. What is the greatest common divisor of z and p?
53
Suppose w - 1689 = 3*f, -4*f + 26*w - 2252 = 24*w. Let z = 1520 + f. What is the greatest common factor of z and 11?
11
Let v be ((-94)/(-14) - 7)/(5/70*-2). What is the highest common factor of v and 674?
2
Suppose 2*t - 2604 = -3*r, -24*r + 22*r + t + 1743 = 0. Calculate the highest common divisor of 2465 and r.
145
Suppose 2*a = -2*c + 14, -6*a + 4*c + 28 = -2*a. Let z = 1443915 + -1443852. Calculate the highest common factor of a and z.
7
Let r = 23267 + -23112. What is the highest common divisor of 1209 and r?
31
Let r be 3/((-15)/(-24) - (-2)/(-8)). Suppose 4*x = -q + 468, -r*x - 2*q + 588 = -3*x. What is the highest common divisor of 87 and x?
29
Suppose -8*m + 20 = 2*m. Suppose -m*v + 81 = v. Suppose -2*a + 3*u = -18, a + u = 6*u + 9. What is the highest common divisor of v and a?
9
Let n = 97 - 52. Let y be (-438)/(-27) + (-10)/n. Suppose -y - 89 = -5*a. Calculate the highest common divisor of 3 and a.
3
Suppose 0 = 4*